Let w(a) = 4*t(a) + x(a). Determine w(-3).
23
Let x(l) = -138*l + 290*l - 155*l - 36. Give x(-13).
3
Let x(n) = 4*n**2 - 7*n + 2. Let o(c) be the first derivative of -2*c**3/3 + 2*c**2 - c - 11. Let m(k) = 7*o(k) + 4*x(k). Determine m(-1).
3
Suppose 14*g - 9*g - 20 = z, 3 = -3*g. Let q(r) = r**2 + 24*r - 20. Determine q(z).
5
Let m(u) = 11*u**3 - 14*u**2 - 9*u + 7. Let y(j) = -8*j**3 + 8*j**2 + 5*j - 4. Let t(l) = 4*m(l) + 7*y(l). Give t(1).
-13
Let a(y) = 737 + 708 - 1439 + y**2 + 4*y. Suppose 2*l - 5*g + 10*g = 17, -l + 2*g - 14 = 0. Give a(l).
6
Let k be 3 + (3/1)/(-3). Suppose -k = -2*a + 2. Let h(s) = s**3 - 4*s + 4*s**2 - 4*s**2 - 5*s**a - 4. Give h(6).
8
Suppose -3*v + 2 = -k, -3*v + 2*k + 6 = -k. Let y be (1 + 2 + v)/(-1 - -2). Let n(s) = -s**2 - 2 + 2*s + 0*s + s. Determine n(y).
-2
Let f(q) be the first derivative of -q**5/120 - q**4/3 + 20*q**3/3 - 6. Let g(m) be the third derivative of f(m). Determine g(-4).
-4
Let r(d) = -d**3 + 6*d**2 - 4*d + 11. Suppose 4*j = -3*w + 3*j + 10, -w + 5*j + 30 = 0. Determine r(w).
16
Let s(q) be the third derivative of -q**6/60 - q**5/5 - q**4/8 - 8*q**3/3 + 707*q**2. What is s(-6)?
2
Let o(y) be the third derivative of y**7/2520 - y**6/720 + y**5/30 + 2*y**2. Let x(k) be the third derivative of o(k). Let b = 89 - 92. Calculate x(b).
-7
Let g be (-1 - 0)/(4/8). Let a = g - -4. Let m(v) = 6 - a*v**2 + 7*v**2 - v**3 + 0 - 4*v**2. Give m(0).
6
Let r(a) = -a + 3. Suppose 4*m + 4*c = 19 - 63, -c + 22 = -2*m. Let u be (-52)/6 + 2/3. Let n = u - m. What is r(n)?
0
Let l(g) = 3*g**2 - 71*g + 44. Let u be l(23). Let x(i) = 6*i + 2. Give x(u).
-10
Let z = -7 - -42. Let w(k) = -59*k + z*k + 30*k. What is w(2)?
12
Let q(d) = -103*d**2 - 2 - d - 96*d**2 + 200*d**2. Let f(o) = -o**3 - 8*o**2 + 3*o + 20. Let k be f(-8). What is q(k)?
18
Let a = 863 - 858. Let g(j) = -j. Let k(o) = 5*o + 1. Let i(z) = 4*g(z) + k(z). Calculate i(a).
6
Suppose 2 = -3*g - 22. Let w(z) = -7*z**2 + 25*z + 11. Let l(s) = -3*s**2 + 12*s + 5. Let x(d) = -9*l(d) + 4*w(d). What is x(g)?
-1
Let p(s) be the third derivative of -s**4/6 + s**3/6 + 3*s**2 - 15. Determine p(4).
-15
Suppose -2*o = -o. Suppose 0 = -o*i + 2*i. Let t(d) = d - 1. Let m(s) = -2*s + 1. Let w(g) = -4*m(g) - 9*t(g). Determine w(i).
5
Let w be (-1 - (17 - -4))*5/(-2). Let c(l) = -l**3 + 23 - 6*l**2 - w - 7*l + 2*l**3 + 29. Suppose -2*d = -6*d + 28. Calculate c(d).
-3
Let j = -746 - -742. Let s(f) = f**2 - 7. What is s(j)?
9
Let t = -5 + 4. Let l(z) = 728*z - 369*z - 357*z - 9*z**2 + 1. Calculate l(t).
-10
Let n(c) = -4*c**2 - c - 2. Suppose 0 = -2*k - 2*u + 4 - 2, -3 = -3*k + 3*u. Let r be 30/16 - k/(-8). Give n(r).
-20
Let y(d) be the first derivative of -4*d**2 - 3*d - 137. Give y(-2).
13
Let x(f) = -f. Let v be (6 + -4 - 2) + 2. Let u(d) = d**3 + 9*d**2 + 8*d - 2. Let g be u(-8). Let a = g + v. What is x(a)?
0
Let c(j) = -3*j**3 - j**2. Suppose -w = -4*y + 15, -5*w = -4*y - 0*y + 11. Calculate c(w).
-4
Let o(n) = -n - 1. Let g = 16 + -11. Suppose -g*h + 12 = s - 10*h, -12 = -s - 5*h. Let k be (-1)/4 + (-9)/s. What is o(k)?
0
Let s(t) = -t + 8. Let w be s(6). Let b(h) = -w*h**2 - 3*h + 4*h**2 + 6*h. Let v be 1/((-2)/12*2). Determine b(v).
9
Let n be ((-2)/(-4))/(1/(-10)). Let x(u) = -21*u - 1 - 16 + 6 - 20*u + 40*u. Give x(n).
-6
Suppose 10 = 5*v, 55*v + 1 = d + 52*v. Let i(s) = -s - 19. Determine i(d).
-26
Let r be ((-126)/27 - -2)*9/(-2). Let h(l) = 4*l - 47. Calculate h(r).
1
Let y(g) be the second derivative of 3/2*g**3 + 9/2*g**2 + 0 + 28*g + 1/12*g**4. Suppose 3*w + 12 = w. Give y(w).
-9
Let s(v) be the first derivative of 3 + 3*v**2 - 6*v - 1/3*v**3. What is s(5)?
-1
Let z(t) = 37*t - 149. Let u be z(4). Let n(l) = -10*l**3 - 2*l**2 - l. Determine n(u).
9
Let u = 489 - 494. Let h(w) = 2*w - 7. What is h(u)?
-17
Let l(a) = -a**3 + 8*a**2 + 10*a - 12. Suppose b + 0*b - c - 7 = 0, -10 = 5*c. Suppose 28 = -4*m - 5*x + 79, b*x - 33 = -2*m. What is l(m)?
-3
Let c(l) be the second derivative of 0*l**3 + 1/4*l**4 + 5*l + 0 + 0*l**2 - 1/20*l**5 + 1/720*l**6. Let b(g) be the third derivative of c(g). Determine b(3).
-3
Suppose 20*j - 8*j - 72 = 0. Let d(m) = -7*m**2 + 7*m. Let s(a) = -20*a**2 + 21*a - 1. Let g(h) = -17*d(h) + 6*s(h). Give g(j).
0
Let t(j) = j**3 + 5*j**2 + 2. Let a be t(-5). Let m(g) = 7 - 7 + 2*g - 4 + 3 + 4*g**a. Let d = -17 - -18. Give m(d).
5
Suppose -2*b - 25 = 49. Let p = b - -43. Let o(r) = -3*r**2 + 6*r**2 - 8*r - 2*r**2 + 8. Determine o(p).
-4
Suppose i = -5*i + 24. Let b be 5 - (-4)/(-2 - 2). Let d(k) = b*k**2 - 4*k**3 + 5*k**3 - 2*k**3 - 4 + k. Give d(i).
0
Let m(j) = -4*j + 141 - 278 - j + j**2 + 135. Determine m(5).
-2
Let y(t) be the second derivative of 11*t**5/20 - t**4/12 - t**3/6 - t**2/2 - 2*t. Suppose -z = 19 - 18. What is y(z)?
-12
Let r(w) = -w**2 - 3*w + 5. Let t be -10 + 6 - (0 - 6). Suppose j - t*j = 4. Determine r(j).
1
Suppose 2*z = 15*z - 65. Let i(a) = a - 3. Calculate i(z).
2
Let n(z) = 11*z**2 - 3*z + 4 + 0*z - 4*z + 0*z. Let a(d) = -5*d**2 + 3*d - 2. Let m(c) = -9*a(c) - 4*n(c). What is m(-2)?
4
Let o(b) = 2*b + 6*b**2 + 13*b**3 - 9 + b**3 - 15*b**3. Calculate o(6).
3
Let m(y) = y**2 + 9*y + 5. Suppose 0 = -7*d - 14 + 7. Let b be (-2 - d)/(11/66). Give m(b).
-13
Let l(t) = t - 2. Let o be l(1). Let q be (-9)/((-4 - o)/9). Suppose -q = -5*p - 2. Let v(u) = u**3 - 4*u**2 - 3*u - 5. Give v(p).
5
Suppose -2*h = -3*h + 2. Suppose -2*f - 2*w = 3*w - 12, -h*f = -w. Let t(r) = r**2 + 1 + 10*r**2 + 25*r - 26*r. What is t(f)?
11
Suppose -2*d = -1 - 13. Let v = -13 + 18. Let r(f) = 4*f - 16. Let s(g) = -6*g + 24. Let q(a) = d*r(a) + v*s(a). What is q(6)?
-4
Let m be (-17)/(-4) - 1/4. Suppose 0 = 4*s - 3*s - 4*j - 1, -19 = -m*s + j. Let i(h) = s*h + 8*h - 14*h + 7. Determine i(5).
2
Let r(s) = 7*s - 1. Let o = 26 - 15. Suppose -2*c = o - 9. Calculate r(c).
-8
Suppose -4*a = 3*g - 15, 7*g - 3 = -3*a + 2*g. Let y(o) = 4*o**2 - 3*o + 6. Let i(k) = -k**2 - k - 1. Let m(d) = -3*i(d) - y(d). Calculate m(a).
-3
Let g(w) be the third derivative of -w**4/6 + 2*w**3/3 - 64*w**2 + 1. What is g(-8)?
36
Let v(x) be the first derivative of -2*x**2 - x + 4. Give v(1).
-5
Let k(b) be the first derivative of -b**2/2 + 9*b - 4. Let u be k(0). Suppose 3*f + 30 = u. Let c(d) = -d**3 - 7*d**2 - d - 10. Calculate c(f).
-3
Let b(n) be the third derivative of n**6/120 + n**5/60 - 5*n**4/24 + n**3/2 - 110*n**2 - 1. Give b(-4).
-25
Let p = 280 + -291. Let v(j) = -j**2 - 11*j - 10. What is v(p)?
-10
Let l(b) = b**3 - b**2 + b + 2. Let d(c) = c**3 - c - 1. Let v(t) = -t**3 - 6*t**2 + 4*t - 8. Let z(y) = -2*d(y) - v(y). Let f be z(6). What is l(f)?
-12
Let n(q) = -3 - 1862*q**2 + 4*q + 1861*q**2 + 3*q + 2*q. Calculate n(8).
5
Let v(y) be the second derivative of 2*y**3/3 + 7*y**2 - 26*y - 3. Let p(d) = -3*d - 13. Let h = 11 + -17. Let b(x) = h*p(x) - 5*v(x). Calculate b(6).
-4
Suppose 2*v - 20 = -10. Let a(w) = -8*w**2 - 16*w**2 + 25*w**2 - 7*w + 5 + 0. Give a(v).
-5
Let o be (0 + 1)*1 + 6. Let y(k) = -7*k**2 + 50*k + 2. Let w(p) = 3*p**2 - 22*p - 1. Let i(l) = -5*w(l) - 2*y(l). Give i(o).
22
Let h(k) = k**3 - 2*k**2 - 2*k - 1. Let t(b) = -b**2 - 20*b - 2. Let j be t(-20). Determine h(j).
-13
Let h(w) = -w**2 - w + 0*w**2 + 0*w + 0*w**2 + 20. Suppose -15*f = -23*f + 10*f. What is h(f)?
20
Let x = -31 - -39. Suppose -1 - 7 = x*l. Let m(b) = -8*b**2 - 2*b - 1. Determine m(l).
-7
Let i(c) be the first derivative of c**2/2 - c + 78. Determine i(7).
6
Let v(o) be the first derivative of o**7/840 - o**6/120 + o**5/60 + o**4/12 + 2*o**3/3 + 11. Let q(i) be the third derivative of v(i). What is q(3)?
8
Let a(t) be the first derivative of -10*t**3/3 + t**2 - t + 1. Let m(y) = y**3 + 13*y**2 + 14*y + 23. Let n be m(-12). Let c = 2 + n. Give a(c).
-9
Suppose -i = 3*i - 16. Let m(y) = -y**2 + 2*y. Determine m(i).
-8
Let s(y) = 6*y**3 + 4*y**2 - y - 6. Let m(a) = a**3 + a. Let d(x) = 5*m(x) - s(x). What is d(-5)?
1
Let g be -1 - ((-60)/50)/(3/10). Let t(i) = 7*i - 2. Determine t(g).
19
Let q(t) = 3*t - 3. Let n(y) = 8*y - 39. Let r be n(4). Determine q(r).
-24
Let n(i) = -i**2 + i + 1. Let o(x) = 6*x**2 - 19*x - 22. Let s(g) = -5*n(g) - o(g). Let d be s(15). Let j(r) = -r**d - r + 6 + r - 4*r + 3*r. Calculate j(0).
6
Let h(s) = s**3 - 2*s**2 + 3*s + 2. Let d be h(2). Let p(b